the prime factors of 2633262373?
7, 47, 1193, 6709
List the prime factors of 73504090.
2, 5, 11, 17, 23, 1709
What are the prime factors of 586106752?
2, 7, 11, 59467
List the prime factors of 102916545.
3, 5, 6861103
What are the prime factors of 204569015?
5, 7, 23, 199, 1277
List the prime factors of 587628594.
2, 3, 7, 518191
List the prime factors of 43783241.
43783241
List the prime factors of 5310101.
19, 279479
List the prime factors of 870551776.
2, 17, 1600279
List the prime factors of 16943883.
3, 11, 17, 30203
List the prime factors of 4661634067.
44257, 105331
What are the prime factors of 845531195?
5, 8111, 20849
List the prime factors of 2055268800.
2, 3, 5, 13, 10979
What are the prime factors of 12856133?
12856133
What are the prime factors of 337597643?
19, 17768297
What are the prime factors of 104440313?
104440313
List the prime factors of 121792570.
2, 5, 12179257
What are the prime factors of 2098607227?
463, 4532629
What are the prime factors of 443989019?
103, 4310573
What are the prime factors of 6098746794?
2, 3, 7, 991, 146527
List the prime factors of 250292458.
2, 13, 409, 23537
What are the prime factors of 1723656106?
2, 18217, 47309
What are the prime factors of 5885748241?
653, 1009, 8933
What are the prime factors of 47366169?
3, 277, 56999
List the prime factors of 422173720.
2, 5, 41, 137, 1879
List the prime factors of 60391176.
2, 3, 2516299
What are the prime factors of 2387449555?
5, 477489911
List the prime factors of 1535620966.
2, 11, 59, 277, 4271
What are the prime factors of 69364328?
2, 11, 788231
What are the prime factors of 55281652?
2, 83, 269, 619
What are the prime factors of 438616370?
2, 5, 43861637
What are the prime factors of 366481020?
2, 3, 5, 179, 34123
List the prime factors of 24791885.
5, 4958377
List the prime factors of 741105943.
53, 13983131
List the prime factors of 1541122662.
2, 3, 256853777
List the prime factors of 16393443.
3, 11, 45161
What are the prime factors of 712195721?
37, 113, 170341
What are the prime factors of 65667550?
2, 5, 13, 101027
List the prime factors of 73002555.
3, 5, 71, 73, 313
What are the prime factors of 295813496?
2, 11, 3361517
What are the prime factors of 659733107?
11, 59975737
What are the prime factors of 49770001?
49770001
List the prime factors of 1302190430.
2, 5, 130219043
List the prime factors of 25176171.
3, 173, 179, 271
What are the prime factors of 2219450163?
3, 7, 271, 571, 683
List the prime factors of 39220807.
19, 991, 2083
List the prime factors of 416661888.
2, 3, 373, 2909
List the prime factors of 441349335.
3, 5, 7, 61, 103, 223
List the prime factors of 280889358.
2, 3, 46814893
What are the prime factors of 1986419322?
2, 3, 29, 1268467
List the prime factors of 8526473.
73, 271, 431
List the prime factors of 1197716980.
2, 5, 17, 47, 241, 311
List the prime factors of 2064470789.
89, 113, 131, 1567
List the prime factors of 93786010.
2, 5, 43, 218107
What are the prime factors of 150011252?
2, 151, 307, 809
List the prime factors of 47007882.
2, 3, 107, 24407
What are the prime factors of 85031112?
2, 3, 3542963
List the prime factors of 867214289.
29, 29903941
List the prime factors of 117690616.
2, 14711327
What are the prime factors of 4322839?
53, 81563
List the prime factors of 5822955234.
2, 3, 71, 719, 6337
What are the prime factors of 3139330172?
2, 11, 1489, 47917
List the prime factors of 357687485.
5, 41, 1744817
List the prime factors of 75919150.
2, 5, 1518383
List the prime factors of 202131716.
2, 571, 88499
What are the prime factors of 154228251?
3, 53, 969989
List the prime factors of 103125589.
7, 14732227
List the prime factors of 126644175.
3, 5, 7, 547
List the prime factors of 77917062.
2, 3, 19, 683483
What are the prime factors of 2185816996?
2, 11, 49677659
List the prime factors of 4384691.
17, 97, 2659
List the prime factors of 18807560.
2, 5, 23, 20443
What are the prime factors of 1101944278?
2, 839, 656701
List the prime factors of 10723061.
1907, 5623
List the prime factors of 364005041.
4513, 80657
What are the prime factors of 6101832287?
17, 491, 853, 857
What are the prime factors of 508189950?
2, 3, 5, 179, 701
What are the prime factors of 52386207?
3, 53, 329473
List the prime factors of 1091040828.
2, 3, 53, 1715473
List the prime factors of 83818604.
2, 317, 66103
What are the prime factors of 452476825?
5, 797, 22709
What are the prime factors of 420757857?
3, 13, 71, 50651
List the prime factors of 1922224775.
5, 19, 883, 4583
What are the prime factors of 912319507?
11, 82938137
List the prime factors of 1571058956.
2, 751, 522989
What are the prime factors of 92118636?
2, 3, 41, 139, 449
List the prime factors of 4420244908.
2, 47, 211, 111431
List the prime factors of 159148901.
59, 2697439
List the prime factors of 201941227.
37, 5457871
What are the prime factors of 127626655?
5, 13, 23, 85369
What are the prime factors of 3080924704?
2, 11, 13, 23, 73, 401
List the prime factors of 348611897.
23, 15157039
What are the prime factors of 65073250?
2, 5, 11, 23663
What are the prime factors of 234154937?
2069, 113173
List the prime factors of 31423011.
3, 53, 107, 1847
List the prime factors of 481465471.
8963, 53717
What are the prime factors of 943089410?
2, 5, 359, 443, 593
What are the prime factors of 104467047?
3, 34822349
What are the prime factors of 630610066?
2, 359, 878287
List the prime factors of 5620958.
2, 7, 179, 2243
What are the prime factors of 149384730?
2, 3, 5, 11, 41, 61, 181
What are the prime factors of 1915745?
5, 13, 29473
What are the prime factors of 118334777?
11, 71, 151517
What are the prime factors of 117036755?
5, 11, 17, 41, 43, 71
What are the prime factors of 331508683?
11, 23, 1310311
List the prime factors of 4994621178.
2, 3, 10091, 82493
List the prime factors of 11145951.
3, 19, 21727
List the prime factors of 68696666.
2, 19, 1807807
What are the prime factors of 171532741?
19, 1601, 5639
List the prime factors of 417231346.
2, 7, 29802239
What are the prime factors of 4051283738?
2, 89, 2549, 8929
List the prime factors of 20394802.
2, 907, 11243
What are the prime factors of 177861381?
3, 179, 331213
What are the prime factors of 77548507?
41, 61, 101, 307
List the prime factors of 210046363.
61, 491, 7013
List the prime factors of 2867038422.
2, 3, 477839737
List the prime factors of 2297310.
2, 3, 5, 73, 1049
What are the prime factors of 6507491925?
3, 5, 11, 19, 47, 73
What are the prime factors of 7196083?
17, 423299
List the prime factors of 1558209700.
2, 5, 1907, 8171
List the prime factors of 358582334.
2, 11, 257, 63421
What are the prime factors of 46901226?
2, 3, 269, 29059
What are the prime factors of 824741784?
2, 3, 83, 179, 257
What are the prime factors of 569082511?
43, 251, 52727
List the prime factors of 30716350.
2, 5, 7, 19, 31, 149
List the prime factors of 3225991141.
109, 29596249
List the prime factors of 320876005.
5, 3659, 17539
What are the prime factors of 2267873441?
131, 17312011
What are the prime factors of 70259563?
11, 317, 20149
List the prime factors of 76033700.
2, 5, 31, 24527
List the prime factors of 8316211.
8316211
What are the prime factors of 116374651?
29, 31, 129449
List the prime factors of 249838757.
7, 103, 373, 929
List the prime factors of 381831988.
2, 131, 728687
List the prime factors of 17825411.
113, 157747
List the prime factors of 108917340.
2, 3, 5, 7, 173, 1499
What are the prime factors of 278114498?
2, 89, 227, 6883
List the prime factors of 1608361780.
2, 5, 19, 199, 21269
List the prime factors of 57197241.
3, 239, 26591
What are the prime factors of 159583053?
3, 7, 53, 20483
What are the prime factors of 88840862?
2, 11, 29, 12659
List the prime factors of 407922099.
3, 13, 10459541
List the prime factors of 81230422.
2, 7, 13, 229, 1949
What are the prime factors of 232256296?
2, 29032037
List the prime factors of 69121963.
69121963
List the prime factors of 1157080872.
2, 3, 23, 37, 181, 313
List the prime factors of 736530933.
3, 17, 67, 439, 491
What are the prime factors of 6044807076?
2, 3, 7, 11, 6541999
List the prime factors of 458460663.
3, 953, 160357
List the prime factors of 60420438.
2, 3, 13, 86069
List the prime factors of 51557450.
2, 